(d) = -19*d + 704. What is w(37)?
1
Let j(k) = k**2 - 79*k + 669. What is j(12)?
-135
Let t(i) = -485*i - 4844. Calculate t(-10).
6
Let v(d) = 40*d - 65. What is v(0)?
-65
Let u(z) = -z**2 + 615*z + 2479. Determine u(-4).
3
Let z(n) = -8*n**2 + 148*n - 706. Determine z(9).
-22
Let v(z) = -z**2 - 111*z - 1440. What is v(-15)?
0
Let a(s) = s**2 + 3773*s - 7547. Calculate a(2).
3
Let l(q) = 2*q**3 - 119*q**2 + 174*q + 23. Give l(58).
23
Let k(b) = -2*b**3 + 70*b**2 - 69*b + 11. Calculate k(34).
-23
Let k(h) = 12*h**2 - 66*h + 4. What is k(6)?
40
Let r(x) = -2*x**3 - 2*x**2 + 42. Determine r(0).
42
Let t(a) = -a**3 - 13*a**2 - 27*a + 9. What is t(-11)?
64
Let u(z) = -7*z**2 + 4*z + 1. What is u(2)?
-19
Let t(l) = 13*l - 887. Give t(68).
-3
Let b(v) = -898*v + 153554. Calculate b(171).
-4
Let a(v) = 1007*v + 12014. What is a(-12)?
-70
Let u(h) = 24112*h - 144668. Give u(6).
4
Let p(x) = -2*x**2 + 58*x - 397. Determine p(18).
-1
Let n(t) = -56*t - 45. Determine n(-1).
11
Let g(x) = 2*x**3 + 10*x**2 + 16*x + 43. Calculate g(-5).
-37
Let g(f) = -351*f + 231. Give g(-2).
933
Let p(k) = -3*k**3 - 3*k**2 - 2*k + 13. What is p(4)?
-235
Let k(s) = 2*s**2 + 2302*s - 25568. Calculate k(11).
-4
Let s(v) = 239*v + 22. What is s(-1)?
-217
Let m(s) = 16*s**2 + 139*s - 21. Give m(-9).
24
Let c(s) = 963*s + 300456. Determine c(-312).
0
Let u(v) = v**3 - 133*v**2 - 1429*v + 14. Give u(-10).
4
Let y(r) = -r**2 - 17*r - 4. Determine y(-17).
-4
Let l(a) = -a**3 + 11*a**2 + 66*a - 17. Determine l(-5).
53
Let h(k) = -655*k + 7103. Determine h(11).
-102
Let a(s) = s**3 + 17*s**2 + 58*s + 7. What is a(-12)?
31
Let s(u) = -u**2 + 16*u + 6. What is s(8)?
70
Let n(k) = 62*k**2 - 665*k + 1769. What is n(6)?
11
Let t(p) = -8*p**2 + 50*p + 568. Calculate t(12).
16
Let d(l) = -6*l**2 + 48*l + 10. What is d(7)?
52
Let b(x) = -3*x**2 + 145*x + 253. Determine b(50).
3
Let n(r) = 7*r - 15. Determine n(5).
20
Let g(o) = -2*o**3 - 14*o**2 - 5*o + 17. Determine g(-6).
-25
Let i(w) = 72*w**3 - w**2 + 39*w - 87. Give i(2).
563
Let h(a) = -3074*a + 6139. Give h(2).
-9
Let p(w) = 254*w + 249. Calculate p(-1).
-5
Let b(a) = 2*a**3 + 87*a**2 - 3518*a + 64. Calculate b(-69).
-5
Let c(i) = 14*i**2 + 5*i - 5. Give c(1).
14
Let q(y) = y**3 + 6*y**2 - 77*y - 493. Give q(-7).
-3
Let q(r) = -r**3 + 10*r**2 - 46. Determine q(9).
35
Let f(l) = 298*l + 2394. Give f(-8).
10
Let x(t) = 74*t + 1043. Give x(-14).
7
Let m(y) = -21*y**3 + 35*y**2 + 21*y - 16. Give m(2).
-2
Let s(l) = -6*l**3 - 102*l**2 - 9*l + 57. Determine s(-17).
210
Let g(l) = 7*l**2 + 234*l + 12. What is g(-33)?
-87
Let h(b) = -2*b**3 - 14*b**2 - 46*b - 297. Calculate h(-9).
441
Let k(g) = -g**3 + 19*g**2 + 131*g - 1422. Calculate k(22).
8
Let f(m) = m**3 + 85*m**2 + 2*m + 161. Give f(-85).
-9
Let d(m) = 2302*m + 11386. What is d(-5)?
-124
Let h(o) = -215*o + 4284. Calculate h(20).
-16
Let g(o) = -13*o - 900. What is g(-54)?
-198
Let d(i) = -158*i + 984. Give d(9).
-438
Let m(r) = -14*r**2 - 856*r - 125. What is m(-61)?
-3
Let a(p) = 3*p**2 + 25*p + 24. What is a(-1)?
2
Let h(a) = a**3 + 25*a**2 + 61*a + 35. Give h(-1).
-2
Let d(y) = 27*y + 562. Give d(-21).
-5
Let u(j) = 27*j**2 - 696*j - 159. What is u(26)?
-3
Let b(s) = 4*s + 207. Determine b(-15).
147
Let v(d) = 5*d**3 + 11*d**2 + 7*d + 18. Determine v(-2).
8
Let f(n) = -n**3 + 4*n**2 + 22*n - 27. Calculate f(6).
33
Let w(a) = -3*a**2 + 142*a - 149. Calculate w(46).
35
Let l(s) = s**3 - 7*s**2 - 143*s - 16. Calculate l(16).
0
Let b(x) = x**3 + x**2 - 2*x + 40. Calculate b(-4).
0
Let w(h) = 130*h + 7013. What is w(-54)?
-7
Let z(l) = 293*l + 33699. Calculate z(-115).
4
Let t(a) = a**3 - 248*a**2 - 234*a - 3718. Determine t(249).
17
Let o(s) = 42*s**2 + 548*s - 8. Calculate o(-13).
-34
Let z(h) = -18*h + 40. Calculate z(22).
-356
Let q(y) = -y**3 - 82*y**2 - 79*y + 161. What is q(-81)?
-1
Let p(w) = -116*w - 570. Determine p(-6).
126
Let p(z) = -800*z - 2402. What is p(-3)?
-2
Let f(p) = -3*p**3 - 137*p**2 + 487*p - 157. Calculate f(-49).
-10
Let i(c) = c**3 - 29*c**2 + 31*c - 109. What is i(28)?
-25
Let i(a) = 13*a - 31. Determine i(5).
34
Let b(w) = w**3 + 22*w**2 - 4*w - 254. Calculate b(-21).
271
Let t(w) = w**3 + 65*w**2 - 200*w + 268. What is t(-68)?
-4
Let x(k) = 2*k**2 - 20*k + 33. Give x(8).
1
Let k(q) = -248*q - 5709. What is k(-23)?
-5
Let o(z) = -z**2 - 58*z - 1166. Determine o(-23).
-361
Let b(a) = -9*a**3 - 278*a**2 + 37*a + 40. Give b(-31).
-146
Let a(y) = 20*y**2 + 1383*y + 204. Give a(-69).
-3
Let h(q) = 11*q - 519. Calculate h(44).
-35
Let f(y) = y**3 + 10*y**2 - 23*y - 69. What is f(-11)?
63
Let k(f) = f**3 - 31*f**2 - 23*f - 98. Determine k(31).
-811
Let i(z) = -8*z**2 - 528*z + 554. Give i(-67).
18
Let c(o) = o**2 + 12*o - 41. Calculate c(9).
148
Let y(a) = 478*a + 5244. Calculate y(-11).
-14
Let j(t) = 2*t**3 - 2*t**2 + 29*t + 88. Calculate j(-3).
-71
Let g(a) = a**3 - 8*a**2 + 69*a - 892. Calculate g(10).
-2
Let w(o) = -o**3 + 12*o**2 - 18*o + 89. Calculate w(11).
12
Let n(l) = -l**3 + 5*l**2 + 19*l + 158. Give n(9).
5
Let g(h) = -h**3 - 37*h**2 + 77*h + 144. Calculate g(-39).
183
Let j(u) = 5*u - 98. Determine j(-29).
-243
Let z(x) = -65*x**2 + 2294*x - 659. Calculate z(35).
6
Let x(p) = 194*p - 398. Calculate x(2).
-10
Let a(z) = 373*z + 1489. Give a(-4).
-3
Let j(k) = 167*k**2 - 162*k. Calculate j(1).
5
Let i(b) = -b**3 - 32*b**2 + 71*b - 9. Give i(-34).
-111
Let u(t) = t**2 - 29*t + 352. Calculate u(0).
352
Let t(w) = -103*w - 65. What is t(-2)?
141
Let y(m) = m**2 + 7*m - 32. Determine y(-16).
112
Let d(i) = -i**3 + 33*i**2 + 53*i - 582. What is d(34)?
64
Let v(j) = -52*j**2 - 10. What is v(2)?
-218
Let d(j) = j**2 - 117*j + 886. Calculate d(8).
14
Let d(z) = -2*z**3 + 22*z**2 + 609*z - 6292. What is d(10)?
-2
Let m(f) = -f**3 - 21*f**2 - 21*f - 5. Give m(-20).
15
Let u(c) = -6*c**2 - 3*c - 42. Determine u(5).
-207
Let s(l) = -42*l**2 - 16999*l + 4461. What is s(-405)?
6
Let x(v) = 4*v**3 + 152*v**2 + 150*v + 81. Determine x(-37).
7
Let p(c) = -2*c**3 - 13*c**2 + 2343*c + 18546. What is p(-8)?
-6
Let k(g) = 2*g**2 - 228*g + 459. Calculate k(2).
11
Let i(o) = 5*o**2 + 46*o - 72. What is i(2)?
40
Let s(l) = 207*l - 1049. Calculate s(5).
-14
Let f(w) = w**2 - 156*w - 7578. Give f(-39).
27
Let v(x) = 149*x - 2086. Calculate v(14).
0
Let m(f) = f**2 - 4*f - 10. Give m(-3).
11
Let w(v) = -22*v - 415. Determine w(-17).
-41
Let j(k) = 3*k**3 + 96*k**2 - 11*k - 406. Determine j(-32).
-54
Let o(q) = -q**3 - 43*q**2 - 124*q - 103. Give o(-40).
57
Let n(j) = -2*j**3 + 68*j**2 + 4*j - 133. What is n(34)?
3
Let g(y) = y**3 + y**2 - 240*y + 6. Give g(0).
6
Let k(f) = 2*f**3 + 85*f - 267. What is k(3)?
42
Let r(o) = -47*o - 218. Give r(-5).
17
Let m(r) = -306*r + 1204. Calculate m(4).
-20
Let v(k) = 136*k**2 - 2447*k - 41. Determine v(18).
-23
Let z(y) = -y**3 + 10*y**2 + 9*y - 14. What is z(10)?
76
Let n(m) = -6*m**2 + 360*m - 371. What is n(59)?
-17
Let t(c) = -c**3 - 10*c**2 + 86*c - 83. Calculate t(-15).
-248
Let c(h) = 5*h**3 - 36*h**2 - 18*h + 120. What is c(5)?
-245
Let o(c) = 108*c - 856. Give o(7).
-100
Let d(g) = 49*g + 682. Give d(-15).
-53
Let y(i) = -7*i**3 + 29*i**2 - i + 9. What is y(4)?
21
Let d(a) = 2050*a + 6154. Give d(-3).
4
Let t(q) = q**3 - 38*q**2 + 64*q - 1020. What is t(37)?
-21
Let q(g) = -2*g**2 - 11*g + 21. What is q(4)?
-55
Let b(y) = -299*y - 1491. Determine b(-5).
4
Let i(z) = z**3 + 72*z**2 + 336*z + 23. Give i(-67).
-44
Let n(x) = x**3 - 11*x**2 + 15*x + 1. What is n(9)?
-26
Let r(a) = -352*a + 1053. What is r(3)?
-3
Let q(c) = 27*c + 383. What is q(-16)?
-49
Let b(y) = -2*y**2 + 532*y - 4133. Give b(8).
-5
Let h(o) = 64*o - 417. Determine h(6).
-33
Let r(f) = -9*f**2 + 252*f - 320. Determine r(26).
148
Let m(y) = 886*y - 881. What is m(1)?
5
Let k(x) = -x**2 - 110*x + 120. What is k(-111)?
9
Let q(b) = -2*b**3 + 8*b**2 - 5*b - 6. Give q(5).
-81
Let m(j) = -96*j**2 - 24*j + 73. Calculate m(3).
-863
Let k(w) = 4*w**3 - 3*w**2 - 2*w - 59. What is k(0)?
-59
Let c(z) = 94*z + 11. Determine c(-2).
-177
Let m(q) = 18*q**2 - 99*q + 7. What is m(6)?
61
Let z(j) = -j**2 - 114*j - 1590. Determine z(-98).
-22
Let p(l) = -3*l**2 + 75*l - 478. Give p(14).
-16
Let y(h) = 2*h**2 - 5652*h - 154066. Calculate y(-27).
-4
Let k(l) = 3*l + 29. Calculate k